3 - 14*u**2 - 14*u - 11. Let k be i(15). Let c(b) = 5*b - 6. What is the remainder when c(k) is divided by 6?
2
Suppose -4*p + 4 = l - 17, -6 = l - 5*p. Calculate the remainder when l is divided by -4 + ((-150)/(-15) - -1).
2
Suppose 0*f + 3*f = -l + 81, l = 0. Suppose -7*p + 1 = 1. Let t(s) = -2*s**2 + 6*s + 105. Calculate the remainder when t(p) is divided by f.
24
Let q be (130/(-39))/((-4)/6). Suppose -q*z - 91 - 6 = -4*d, -15 = 3*z. Calculate the remainder when 32 is divided by d.
14
Let k = -6 + 1. Let u(a) = 7*a - 7*a + 9*a - 12*a - 4. What is the remainder when u(k) is divided by 4?
3
Let u(j) = j + 63. Calculate the remainder when u(19) is divided by 28.
26
Let a = -2 + 4. Let j(h) be the first derivative of -h**4/4 + h**3/3 + 6*h + 16. What is the remainder when j(0) is divided by a?
0
Let y = 18 + 882. Calculate the remainder when y is divided by 22.
20
Suppose -2*h = 22 - 0. Suppose 57 + 295 = -11*w. Let o = h - w. Calculate the remainder when o is divided by 11.
10
Let w = 256 + -179. Calculate the remainder when w is divided by 55.
22
Let t(y) = -46*y + 465. What is the remainder when t(7) is divided by 81?
62
What is the remainder when 89 is divided by ((-6)/6)/((12/99)/(-4))?
23
Let h(f) = 4*f**2 + 2*f + 1. Let x be 4/(-20) + (-9)/5. What is the remainder when h(x) is divided by 3?
1
Let h = 108 - 117. What is the remainder when 8/6*5 + (-3)/h is divided by 6?
1
Suppose 28585 + 20395 = 62*h. What is the remainder when h is divided by 72?
70
What is the remainder when 1051 is divided by (68/7)/(70/245)?
31
Let v(r) = -62*r - 480. Calculate the remainder when v(-12) is divided by 17.
9
Let l be 2/6 + 89/3. Suppose -4*v - u = 95, 0 = -2*v - 8*u + 3*u - 43. Let z = v + l. What is the remainder when 23 is divided by z?
5
Suppose -3*c - 2*t + 335 = -0*t, -2*t + 444 = 4*c. Let q = -1334 - -1372. Calculate the remainder when c is divided by q.
33
Suppose 0 = -6*w + 17 - 83. Let p(q) = -q**3 - 10*q**2 + 5*q - 13. Calculate the remainder when p(w) is divided by 11.
9
Let u(f) = 2 + 10*f**2 - 17*f - 15*f**2 + 11*f. Let b be u(-3). Calculate the remainder when 3 + (4 - 6 - b) is divided by 15.
11
Calculate the remainder when (28/10)/((-12)/(-240)) is divided by 20.
16
Let p be -56 + (0 + 1)*1. Let w = p + 75. Calculate the remainder when w is divided by 6.
2
Let y(d) = -4*d - 2*d**2 + 2 - 7 + 5*d - 7*d**3. Let b be y(-3). Let a = -89 + b. Calculate the remainder when a is divided by 15.
14
Suppose 2*c - y = -3*c - 39, 3*y = -3*c - 27. What is the remainder when 63 is divided by (c/10)/(18/(-495))?
19
Calculate the remainder when (-6)/15*(-1333 + -22) is divided by 8.
6
Suppose 3*s = -2*y + 1823, -4*s = -y - 0*y + 917. Suppose 5*t + 228 - y = 0. What is the remainder when t is divided by 35?
32
Let r be 0 - (0/(-1) - -46). Let t = 73 + r. Calculate the remainder when 134 is divided by t.
26
Calculate the remainder when 210 is divided by 21/63 + 40/(-6)*-10.
9
Let q(i) = -9*i**2 - 4*i - 16*i**3 + 40*i**3 - 12*i**3 - 13*i**3 - 25. What is the remainder when q(-9) is divided by 7?
4
Suppose -4*a = 2*t - 984, 2*a + 15 = 25. What is the remainder when t is divided by 70?
62
Let c be (-7 + -3 + 2)/(3/(-81)). Suppose v = 3, -3*k = -3*v + v - 15. Calculate the remainder when c/10 + -2 + 2/5 is divided by k.
6
Suppose 5*o + 4*r - 12 = 2, -4*o + 4 = 5*r. Suppose 2*x = -4*z + 102, 5*z - 5*x - 81 = 3*z. Calculate the remainder when z is divided by o.
4
Let y(v) = 11*v - 9. Let j be -15*(21/(-9) - -2). Suppose -68 = -j*z + 2. What is the remainder when y(7) is divided by z?
12
Let v(w) = 13*w + 77. What is the remainder when v(7) is divided by 17?
15
Let l(o) = 3*o - 5*o + 7*o**2 + 6*o**2 - 5*o. What is the remainder when l(2) is divided by (-82)/(-8) - 2/8?
8
Let y(a) = a**3 + 6*a**2 + 5*a + 3. Suppose 7*b - 6*b = -2. Let i be 10/(-6)*(b + 5). Calculate the remainder when y(i) is divided by 1.
0
Let l = -4 + -49. Let j = l - -119. What is the remainder when j is divided by 17?
15
Let o = -5 + 9. Suppose 0 = 3*u + 5*w - w - o, -2*u - w = 4. What is the remainder when (-2 - 32)*2/u is divided by 9?
8
Suppose -5*f = -2*a - 15, -4*f - 40 = 2*a - a. Let r = a + 33. Calculate the remainder when r is divided by 3.
1
Suppose 5*l - 32 = 18. Let u = 998 - 879. What is the remainder when u is divided by l?
9
Suppose 18*q - 13*q + 5*h = 2955, -6 = 3*h. Calculate the remainder when q is divided by 26.
21
Suppose -15 = -0*n - 5*n. Suppose -n*k - 521 = -5*t, -2*t = -6*k + 3*k - 203. Calculate the remainder when t is divided by 27.
25
Suppose 3*l + 0*l - 264 = 0. What is the remainder when l is divided by (-30*12/(-168))/((-2)/(-42))?
43
Let f(r) = r**3 - 23*r**2 + 59*r + 36. Let o be f(20). Suppose 173*m - 175*m = -o. What is the remainder when (1/(-2))/((-1)/28) is divided by m?
6
Suppose -4*l + 142 = -90. What is the remainder when (-2)/(-1) + (l - (0 - 2)) is divided by 13?
10
Let x = 470 + -448. Calculate the remainder when 105 is divided by x.
17
Let x = 48 + -34. Let n(o) = -7*o + 5. Suppose -2*r - 2*h - 18 = 0, 3*r = r - 4*h - 26. Calculate the remainder when n(r) is divided by x.
12
Let n = 19 - 19. Suppose -6*a + 9*a - 39 = n. Suppose -4*p + 198 = 5*d + 25, -10 = -2*d. Calculate the remainder when p is divided by a.
11
Let q = -144 - -234. Let h(g) = g**2 + 6*g + 4. Let b be h(-6). Suppose 9*w = 4*w + 15, b*n - q = -2*w. Calculate the remainder when n is divided by 12.
9
Suppose 3*p = -2*g + 128, -g = 9*p - 4*p - 211. Suppose -4*i - 3*d = -p, d - 2*d - 2 = 0. What is the remainder when (-44)/(2 + (-2 - 1)) is divided by i?
8
Let s = -223 - -234. Suppose -590 = -5*r - 2*o, 3*r - 208 = 4*o + 146. Calculate the remainder when r is divided by s.
8
Let c = -174 - -184. What is the remainder when 39 is divided by c?
9
Suppose 0 = 3*u + 9 - 21, -3*u = -5*m + 523. What is the remainder when m is divided by (-22)/4*(-9 + -1)?
52
Suppose -5*y + 145 = 4*n - 5*n, -2*y + 85 = 5*n. Calculate the remainder when 234 is divided by y.
24
Let z = -21 + -180. What is the remainder when (3 + 4/(-2))/((-3)/z) is divided by 35?
32
Suppose -4*r = p - 11, -p - 2*r - 3 = -5*r. Let v be 9 + -5 + -7 + p. Suppose v = -16*u + 17*u - 47. Calculate the remainder when u is divided by 10.
7
Suppose 4*z = k + 18 - 40, 4*k + 3*z - 107 = 0. What is the remainder when 196 is divided by k?
14
Suppose -3*t + 3*i = -3, 4 = 4*t + 4*i - 16. Suppose 2*o + 55 = u, -t*o = 2*o. What is the remainder when u is divided by 14?
13
Suppose 4*s + 4*b - 1848 = 0, 9*s - 7*s - b = 915. What is the remainder when s is divided by 119?
102
Suppose 5*t - 2 = 6*t. Calculate the remainder when 206 is divided by 9 - 1 - (-3 + t).
11
Suppose 0 = -5*d + 3*q + 1325, 0 = 5*d + q - 1418 + 73. Calculate the remainder when d is divided by 34.
30
Let k(d) = d - 2. Let f be k(7). Let g = 17 - f. Suppose -4*s + 32 = 3*l - 4, 3*l - g = 0. Calculate the remainder when 8 is divided by s.
2
Suppose 3*v - 20 = -4*q, -4*q + 36 = -2*q - 5*v. Let y(b) = 47*b - 72. What is the remainder when y(2) is divided by q?
6
Suppose -25 = -2*o + o - 3*s, -2*s - 74 = -5*o. Suppose 3*l = 5*h - 106, -3*h + 5*l + 54 = -o. What is the remainder when (-395)/h*(-8)/2 is divided by 20?
19
Suppose 5*h + 5*q - 230 - 85 = 0, -4*h = -5*q - 270. What is the remainder when h is divided by 11?
10
Calculate the remainder when (-3 - 12)/(4/(-36)) is divided by 126.
9
Let r(v) = v**2 + 15*v + 18. Let z be r(-15). What is the remainder when 50 is divided by -3 + (z + 2 - 2)?
5
Suppose 5*h = -10*h + 765. What is the remainder when h is divided by 30?
21
Let f(c) = 2*c**2 + 8*c + 4. Suppose -n + 0*n = 3. Let o be 98/(-16) - n/24. Calculate the remainder when f(o) is divided by 15.
13
Suppose 23 + 33 = -7*r. What is the remainder when 6/r - (-324)/48 is divided by 4?
2
Suppose h - 5*v + 15 = 0, -2*v + 6 = -2*h - 0. What is the remainder when (-98)/21*(-30)/4 is divided by h/(3/(-3)) - -12?
11
Suppose 4*a - 19 = 1. Suppose 18 = 3*g + 2*v, 4 = g + a*v - 2. Calculate the remainder when 8 is divided by g.
2
Let u(t) = -6*t + 188. What is the remainder when 158 is divided by u(26)?
30
Suppose -5*u - a = -323, 3*a - 22 = -13. Calculate the remainder when u is divided by 19.
7
Let u(x) = -7*x + 11*x**2 - 6*x - 7*x**3 - 7*x**3 + 15*x**3 - 8. Let a be u(-12). What is the re